{"id":912,"date":"2024-01-15T15:05:57","date_gmt":"2024-01-15T14:05:57","guid":{"rendered":"https:\/\/mylesthetique.com\/?page_id=912"},"modified":"2026-02-05T10:03:42","modified_gmt":"2026-02-05T09:03:42","slug":"massages-corps-visage","status":"publish","type":"page","link":"https:\/\/mylesthetique.com\/index.php\/massages-corps-visage\/","title":{"rendered":"Massages corps et visage"},"content":{"rendered":"\t\t<div data-elementor-type=\"wp-page\" data-elementor-id=\"912\" class=\"elementor elementor-912\">\n\t\t\t\t<div class=\"elementor-element elementor-element-4c8d84f e-flex e-con-boxed e-con e-parent\" data-id=\"4c8d84f\" data-element_type=\"container\">\n\t\t\t\t\t<div class=\"e-con-inner\">\n\t\t\t\t<div class=\"elementor-element elementor-element-3633962 elementor-widget elementor-widget-image\" data-id=\"3633962\" data-element_type=\"widget\" data-widget_type=\"image.default\">\n\t\t\t\t<div class=\"elementor-widget-container\">\n\t\t\t\t\t\t\t\t\t\t\t\t\t\t\t<img fetchpriority=\"high\" decoding=\"async\" width=\"980\" height=\"588\" src=\"https:\/\/mylesthetique.com\/wp-content\/uploads\/2024\/01\/20231007_203557_0005-e1705327738412.png\" class=\"attachment-full size-full wp-image-915\" alt=\"massages corps visage enfants et adolescents\" srcset=\"https:\/\/mylesthetique.com\/wp-content\/uploads\/2024\/01\/20231007_203557_0005-e1705327738412.png 980w, https:\/\/mylesthetique.com\/wp-content\/uploads\/2024\/01\/20231007_203557_0005-e1705327738412-300x180.png 300w, https:\/\/mylesthetique.com\/wp-content\/uploads\/2024\/01\/20231007_203557_0005-e1705327738412-768x461.png 768w\" sizes=\"(max-width: 980px) 100vw, 980px\" \/>\t\t\t\t\t\t\t\t\t\t\t\t\t\t\t<\/div>\n\t\t\t\t<\/div>\n\t\t\t\t\t<\/div>\n\t\t\t\t<\/div>\n\t\t<div class=\"elementor-element elementor-element-112d4df e-flex e-con-boxed e-con e-parent\" data-id=\"112d4df\" data-element_type=\"container\">\n\t\t\t\t\t<div class=\"e-con-inner\">\n\t\t\t\t<div class=\"elementor-element elementor-element-581fc02 elementor-widget elementor-widget-text-editor\" data-id=\"581fc02\" data-element_type=\"widget\" data-widget_type=\"text-editor.default\">\n\t\t\t\t<div class=\"elementor-widget-container\">\n\t\t\t\t\t\t\t\t\t<p>Offrez un moment de douceur et de bien-\u00eatre \u00e0 votre <strong>enfant ou adolescent<\/strong> eu travers des<strong> massages du corps et du visage<\/strong>.<\/p>\t\t\t\t\t\t\t\t<\/div>\n\t\t\t\t<\/div>\n\t\t\t\t\t<\/div>\n\t\t\t\t<\/div>\n\t\t<div class=\"elementor-element elementor-element-cacfad2 e-flex e-con-boxed e-con e-parent\" data-id=\"cacfad2\" data-element_type=\"container\">\n\t\t\t\t\t<div class=\"e-con-inner\">\n\t\t\t\t<div class=\"elementor-element elementor-element-88072af elementor-widget elementor-widget-text-editor\" data-id=\"88072af\" data-element_type=\"widget\" data-widget_type=\"text-editor.default\">\n\t\t\t\t<div class=\"elementor-widget-container\">\n\t\t\t\t\t\t\t\t\t<p style=\"text-align: center;\">Nous connaissons les vertus des massages pour les adultes mais, ils ont \u00e9galement de nombreux bienfaits pour les enfants et les adolescents.<\/p><p>En effet, ils permettent :<\/p><ul><li>d&rsquo;am\u00e9liorer leur <strong>concentration<\/strong>,<\/li><li>d&rsquo;obtenir un <strong>sommeil<\/strong> plus r\u00e9parateur, de l\u00e2cher prise,\u00a0<\/li><li>de renforcer le <strong>syst\u00e8me immunitaire<\/strong>,<\/li><li>de prendre <strong>conscience<\/strong> de la taille de leur corps,<\/li><li>et permettent un <strong>bien \u00eatre.<\/strong><\/li><\/ul><p>Pour conna\u00eetre les contre indications, suive ce lien :\u00a0<a href=\"https:\/\/mylesthetique.com\/index.php\/contre-indications\/\">Contre indications<\/a><\/p>\t\t\t\t\t\t\t\t<\/div>\n\t\t\t\t<\/div>\n\t\t\t\t\t<\/div>\n\t\t\t\t<\/div>\n\t\t<div class=\"elementor-element elementor-element-1cab69e e-flex e-con-boxed e-con e-parent\" data-id=\"1cab69e\" data-element_type=\"container\">\n\t\t\t\t\t<div class=\"e-con-inner\">\n\t\t\t\t<div class=\"elementor-element elementor-element-c4c4049 elementor-align-center elementor-widget elementor-widget-button\" data-id=\"c4c4049\" data-element_type=\"widget\" data-widget_type=\"button.default\">\n\t\t\t\t<div class=\"elementor-widget-container\">\n\t\t\t\t\t\t\t\t\t<div class=\"elementor-button-wrapper\">\n\t\t\t\t\t<a class=\"elementor-button elementor-button-link elementor-size-sm\" href=\"tel:+33618670885\">\n\t\t\t\t\t\t<span class=\"elementor-button-content-wrapper\">\n\t\t\t\t\t\t\t\t\t<span class=\"elementor-button-text\">Cliquez ici pour prendre rendez-vous<\/span>\n\t\t\t\t\t<\/span>\n\t\t\t\t\t<\/a>\n\t\t\t\t<\/div>\n\t\t\t\t\t\t\t\t<\/div>\n\t\t\t\t<\/div>\n\t\t\t\t\t<\/div>\n\t\t\t\t<\/div>\n\t\t<div class=\"elementor-element elementor-element-8429953 e-flex e-con-boxed e-con e-parent\" data-id=\"8429953\" data-element_type=\"container\">\n\t\t\t\t\t<div class=\"e-con-inner\">\n\t\t\t\t<div class=\"elementor-element elementor-element-3ee1f46 elementor-widget elementor-widget-heading\" data-id=\"3ee1f46\" data-element_type=\"widget\" data-widget_type=\"heading.default\">\n\t\t\t\t<div class=\"elementor-widget-container\">\n\t\t\t\t\t<h1 class=\"elementor-heading-title elementor-size-default\">La carte des massages <\/h1>\t\t\t\t<\/div>\n\t\t\t\t<\/div>\n\t\t\t\t\t<\/div>\n\t\t\t\t<\/div>\n\t\t<div class=\"elementor-element elementor-element-ed93cd7 e-flex e-con-boxed e-con e-parent\" data-id=\"ed93cd7\" data-element_type=\"container\">\n\t\t\t\t\t<div class=\"e-con-inner\">\n\t\t\t\t<div class=\"elementor-element elementor-element-6996921 elementor-widget elementor-widget-heading\" data-id=\"6996921\" data-element_type=\"widget\" data-widget_type=\"heading.default\">\n\t\t\t\t<div class=\"elementor-widget-container\">\n\t\t\t\t\t<h2 class=\"elementor-heading-title elementor-size-default\">Les massages corps et visage<\/h2>\t\t\t\t<\/div>\n\t\t\t\t<\/div>\n\t\t\t\t\t<\/div>\n\t\t\t\t<\/div>\n\t\t<div class=\"elementor-element elementor-element-2c27153 e-flex e-con-boxed e-con e-parent\" data-id=\"2c27153\" data-element_type=\"container\">\n\t\t\t\t\t<div class=\"e-con-inner\">\n\t\t\t\t<div class=\"elementor-element elementor-element-1af0138 elementor-widget elementor-widget-text-editor\" data-id=\"1af0138\" data-element_type=\"widget\" data-widget_type=\"text-editor.default\">\n\t\t\t\t<div class=\"elementor-widget-container\">\n\t\t\t\t\t\t\t\t\t<p>Massage effectu\u00e9 sous la surveillance d&rsquo;un adulte. Pr\u00e9sence d&rsquo;un parent obligatoire pour tous les enfants mineurs.<\/p>\t\t\t\t\t\t\t\t<\/div>\n\t\t\t\t<\/div>\n\t\t\t\t\t<\/div>\n\t\t\t\t<\/div>\n\t\t<div class=\"elementor-element elementor-element-819ee02 e-flex e-con-boxed e-con e-parent\" data-id=\"819ee02\" data-element_type=\"container\">\n\t\t\t\t\t<div class=\"e-con-inner\">\n\t\t<div class=\"elementor-element elementor-element-a8d8c9d e-con-full e-flex e-con e-child\" data-id=\"a8d8c9d\" data-element_type=\"container\" data-settings=\"{&quot;background_background&quot;:&quot;classic&quot;}\">\n\t\t\t\t<div class=\"elementor-element elementor-element-9348034 elementor-widget elementor-widget-image\" data-id=\"9348034\" data-element_type=\"widget\" data-widget_type=\"image.default\">\n\t\t\t\t<div class=\"elementor-widget-container\">\n\t\t\t\t\t\t\t\t\t\t\t\t\t\t\t<img decoding=\"async\" width=\"817\" height=\"550\" src=\"https:\/\/mylesthetique.com\/wp-content\/uploads\/2025\/03\/Design-sans-titre-35-e1741965101624.png\" class=\"attachment-full size-full wp-image-1932\" alt=\"massages corps et visage enfant\" srcset=\"https:\/\/mylesthetique.com\/wp-content\/uploads\/2025\/03\/Design-sans-titre-35-e1741965101624.png 817w, https:\/\/mylesthetique.com\/wp-content\/uploads\/2025\/03\/Design-sans-titre-35-e1741965101624-300x202.png 300w, https:\/\/mylesthetique.com\/wp-content\/uploads\/2025\/03\/Design-sans-titre-35-e1741965101624-768x517.png 768w\" sizes=\"(max-width: 817px) 100vw, 817px\" \/>\t\t\t\t\t\t\t\t\t\t\t\t\t\t\t<\/div>\n\t\t\t\t<\/div>\n\t\t\t\t<div class=\"elementor-element elementor-element-05a00e3 elementor-widget elementor-widget-heading\" data-id=\"05a00e3\" data-element_type=\"widget\" data-widget_type=\"heading.default\">\n\t\t\t\t<div class=\"elementor-widget-container\">\n\t\t\t\t\t<h3 class=\"elementor-heading-title elementor-size-default\">Essentiel <br>30 minutes <\/h3>\t\t\t\t<\/div>\n\t\t\t\t<\/div>\n\t\t\t\t<div class=\"elementor-element elementor-element-ce31192 elementor-widget elementor-widget-text-editor\" data-id=\"ce31192\" data-element_type=\"widget\" data-widget_type=\"text-editor.default\">\n\t\t\t\t<div class=\"elementor-widget-container\">\n\t\t\t\t\t\t\t\t\t<p><strong>Massage relaxant<\/strong><b> du dos du corps,<\/b> id\u00e9al pour rel\u00e2cher les tensions.<\/p>\t\t\t\t\t\t\t\t<\/div>\n\t\t\t\t<\/div>\n\t\t\t\t<div class=\"elementor-element elementor-element-1c5fd11 elementor-widget elementor-widget-heading\" data-id=\"1c5fd11\" data-element_type=\"widget\" data-widget_type=\"heading.default\">\n\t\t\t\t<div class=\"elementor-widget-container\">\n\t\t\t\t\t<h3 class=\"elementor-heading-title elementor-size-default\">35\u20ac<\/h3>\t\t\t\t<\/div>\n\t\t\t\t<\/div>\n\t\t\t\t<\/div>\n\t\t<div class=\"elementor-element elementor-element-f35c495 e-con-full e-flex e-con e-child\" data-id=\"f35c495\" data-element_type=\"container\" data-settings=\"{&quot;background_background&quot;:&quot;classic&quot;}\">\n\t\t\t\t<div class=\"elementor-element elementor-element-b50f044 elementor-widget elementor-widget-image\" data-id=\"b50f044\" data-element_type=\"widget\" data-widget_type=\"image.default\">\n\t\t\t\t<div class=\"elementor-widget-container\">\n\t\t\t\t\t\t\t\t\t\t\t\t\t\t\t<img decoding=\"async\" width=\"1017\" height=\"866\" src=\"https:\/\/mylesthetique.com\/wp-content\/uploads\/2025\/03\/Design-sans-titre-37-e1770282029946.png\" class=\"attachment-full size-full wp-image-1933\" alt=\"massages corps et visage enfant\" srcset=\"https:\/\/mylesthetique.com\/wp-content\/uploads\/2025\/03\/Design-sans-titre-37-e1770282029946.png 1017w, https:\/\/mylesthetique.com\/wp-content\/uploads\/2025\/03\/Design-sans-titre-37-e1770282029946-300x255.png 300w, https:\/\/mylesthetique.com\/wp-content\/uploads\/2025\/03\/Design-sans-titre-37-e1770282029946-768x654.png 768w\" sizes=\"(max-width: 1017px) 100vw, 1017px\" \/>\t\t\t\t\t\t\t\t\t\t\t\t\t\t\t<\/div>\n\t\t\t\t<\/div>\n\t\t\t\t<div class=\"elementor-element elementor-element-9f7c082 elementor-widget elementor-widget-heading\" data-id=\"9f7c082\" data-element_type=\"widget\" data-widget_type=\"heading.default\">\n\t\t\t\t<div class=\"elementor-widget-container\">\n\t\t\t\t\t<h3 class=\"elementor-heading-title elementor-size-default\">Harmonie <br>60 minutes<\/h3>\t\t\t\t<\/div>\n\t\t\t\t<\/div>\n\t\t\t\t<div class=\"elementor-element elementor-element-089f584 elementor-widget elementor-widget-text-editor\" data-id=\"089f584\" data-element_type=\"widget\" data-widget_type=\"text-editor.default\">\n\t\t\t\t<div class=\"elementor-widget-container\">\n\t\t\t\t\t\t\t\t\t<p>Choisissez parmi les <strong>massages du monde<\/strong> pour un d\u00e9tente absolue .<\/p>\t\t\t\t\t\t\t\t<\/div>\n\t\t\t\t<\/div>\n\t\t\t\t<div class=\"elementor-element elementor-element-04cd98c elementor-widget elementor-widget-heading\" data-id=\"04cd98c\" data-element_type=\"widget\" data-widget_type=\"heading.default\">\n\t\t\t\t<div class=\"elementor-widget-container\">\n\t\t\t\t\t<h3 class=\"elementor-heading-title elementor-size-default\">70\u20ac <\/h3>\t\t\t\t<\/div>\n\t\t\t\t<\/div>\n\t\t\t\t<\/div>\n\t\t<div class=\"elementor-element elementor-element-be8f627 e-con-full e-flex e-con e-child\" data-id=\"be8f627\" data-element_type=\"container\" data-settings=\"{&quot;background_background&quot;:&quot;classic&quot;}\">\n\t\t\t\t<div class=\"elementor-element elementor-element-6f0a478 elementor-widget elementor-widget-image\" data-id=\"6f0a478\" data-element_type=\"widget\" data-widget_type=\"image.default\">\n\t\t\t\t<div class=\"elementor-widget-container\">\n\t\t\t\t\t\t\t\t\t\t\t\t\t\t\t<img loading=\"lazy\" decoding=\"async\" width=\"300\" height=\"263\" src=\"https:\/\/mylesthetique.com\/wp-content\/uploads\/2025\/03\/7-e1741879331989-300x263.png\" class=\"attachment-medium size-medium wp-image-1782\" alt=\"soins visage\" srcset=\"https:\/\/mylesthetique.com\/wp-content\/uploads\/2025\/03\/7-e1741879331989-300x263.png 300w, https:\/\/mylesthetique.com\/wp-content\/uploads\/2025\/03\/7-e1741879331989.png 637w\" sizes=\"(max-width: 300px) 100vw, 300px\" \/>\t\t\t\t\t\t\t\t\t\t\t\t\t\t\t<\/div>\n\t\t\t\t<\/div>\n\t\t\t\t<div class=\"elementor-element elementor-element-ccab0db elementor-widget elementor-widget-heading\" data-id=\"ccab0db\" data-element_type=\"widget\" data-widget_type=\"heading.default\">\n\t\t\t\t<div class=\"elementor-widget-container\">\n\t\t\t\t\t<h3 class=\"elementor-heading-title elementor-size-default\">Shiatsu cr\u00e2nien <br>30 minutes<\/h3>\t\t\t\t<\/div>\n\t\t\t\t<\/div>\n\t\t\t\t<div class=\"elementor-element elementor-element-3445728 elementor-widget elementor-widget-text-editor\" data-id=\"3445728\" data-element_type=\"widget\" data-widget_type=\"text-editor.default\">\n\t\t\t\t<div class=\"elementor-widget-container\">\n\t\t\t\t\t\t\t\t\t<p><b>Massage par digitopression <\/b>pour retrouver calme, concentration, sommeil de qualit\u00e9,&#8230;<\/p>\t\t\t\t\t\t\t\t<\/div>\n\t\t\t\t<\/div>\n\t\t\t\t<div class=\"elementor-element elementor-element-1c66976 elementor-widget elementor-widget-heading\" data-id=\"1c66976\" data-element_type=\"widget\" data-widget_type=\"heading.default\">\n\t\t\t\t<div class=\"elementor-widget-container\">\n\t\t\t\t\t<h3 class=\"elementor-heading-title elementor-size-default\">35\u20ac<\/h3>\t\t\t\t<\/div>\n\t\t\t\t<\/div>\n\t\t\t\t<\/div>\n\t\t\t\t\t<\/div>\n\t\t\t\t<\/div>\n\t\t<div class=\"elementor-element elementor-element-650a571 e-flex e-con-boxed e-con e-parent\" data-id=\"650a571\" data-element_type=\"container\">\n\t\t\t\t\t<div class=\"e-con-inner\">\n\t\t\t\t<div class=\"elementor-element elementor-element-48306dc elementor-widget elementor-widget-heading\" data-id=\"48306dc\" data-element_type=\"widget\" data-widget_type=\"heading.default\">\n\t\t\t\t<div class=\"elementor-widget-container\">\n\t\t\t\t\t<h3 class=\"elementor-heading-title elementor-size-default\">Les massages du Monde :<\/h3>\t\t\t\t<\/div>\n\t\t\t\t<\/div>\n\t\t\t\t\t<\/div>\n\t\t\t\t<\/div>\n\t\t<div class=\"elementor-element elementor-element-313e06f e-flex e-con-boxed e-con e-parent\" data-id=\"313e06f\" data-element_type=\"container\">\n\t\t\t\t\t<div class=\"e-con-inner\">\n\t\t\t\t<div class=\"elementor-element elementor-element-f9a0fb9 elementor-widget__width-initial elementor-widget elementor-widget-text-editor\" data-id=\"f9a0fb9\" data-element_type=\"widget\" data-widget_type=\"text-editor.default\">\n\t\t\t\t<div class=\"elementor-widget-container\">\n\t\t\t\t\t\t\t\t\t<p>Le <strong>massa<\/strong><strong>ge <\/strong><strong>Californien<\/strong> est un <strong>massage relaxant, apaisant<\/strong> , qui apporte un bien-\u00eatre physique et mental tout en\u00a0 am\u00e9liorant la circulation sanguine et lymphatique.<\/p>\t\t\t\t\t\t\t\t<\/div>\n\t\t\t\t<\/div>\n\t\t\t\t\t<\/div>\n\t\t\t\t<\/div>\n\t\t<div class=\"elementor-element elementor-element-f2ae021 e-flex e-con-boxed e-con e-parent\" data-id=\"f2ae021\" data-element_type=\"container\">\n\t\t\t\t\t<div class=\"e-con-inner\">\n\t\t\t\t<div class=\"elementor-element elementor-element-6d38b6f elementor-widget__width-initial elementor-widget elementor-widget-text-editor\" data-id=\"6d38b6f\" data-element_type=\"widget\" data-widget_type=\"text-editor.default\">\n\t\t\t\t<div class=\"elementor-widget-container\">\n\t\t\t\t\t\t\t\t\t<p>Le <strong>massage aux pierres chaudes<\/strong>\u00a0est un soin \u00e9nerg\u00e9tique et \u00e9motionnel profond. Il r\u00e9\u00e9quilibre l\u2019\u00e9nergie du corps gr\u00e2ce aux propri\u00e9t\u00e9s naturelles des pierres volcaniques de basalte et du marbre marin. La chaleur d\u00e9tend, la fra\u00eecheur revitalise, pour une harmonie retrouv\u00e9e.<\/p>\t\t\t\t\t\t\t\t<\/div>\n\t\t\t\t<\/div>\n\t\t\t\t\t<\/div>\n\t\t\t\t<\/div>\n\t\t<div class=\"elementor-element elementor-element-41e1b99 e-flex e-con-boxed e-con e-parent\" data-id=\"41e1b99\" data-element_type=\"container\">\n\t\t\t\t\t<div class=\"e-con-inner\">\n\t\t\t\t<div class=\"elementor-element elementor-element-fe932ff elementor-widget elementor-widget-text-editor\" data-id=\"fe932ff\" data-element_type=\"widget\" data-widget_type=\"text-editor.default\">\n\t\t\t\t<div class=\"elementor-widget-container\">\n\t\t\t\t\t\t\t\t\t<p>Le <strong>Chi Nei Tsang<\/strong> est un massage \u00e9nerg\u00e9tique profond centr\u00e9 sur l\u2019abdomen. Il agit sur les <strong>organes internes<\/strong> pour lib\u00e9rer les tensions, am\u00e9liorer la digestion et r\u00e9\u00e9quilibrer l\u2019\u00e9nergie vitale. Id\u00e9al pour soulager ballonnements, constipations et blocages \u00e9motionnels.<\/p>\t\t\t\t\t\t\t\t<\/div>\n\t\t\t\t<\/div>\n\t\t\t\t\t<\/div>\n\t\t\t\t<\/div>\n\t\t\t\t<\/div>\n\t\t","protected":false},"excerpt":{"rendered":"<p>Offrez un moment de douceur et de bien-\u00eatre \u00e0 votre enfant ou adolescent eu travers des massages du corps et du visage. Nous connaissons les vertus des massages pour les adultes mais, ils ont \u00e9galement de nombreux bienfaits pour les enfants et les adolescents. En effet, ils permettent : d&rsquo;am\u00e9liorer leur concentration, d&rsquo;obtenir un sommeil [&hellip;]<\/p>\n","protected":false},"author":1,"featured_media":1932,"parent":0,"menu_order":0,"comment_status":"closed","ping_status":"closed","template":"","meta":{"footnotes":""},"class_list":["post-912","page","type-page","status-publish","has-post-thumbnail","hentry","entry","has-media"],"yoast_head":"<!-- This site is optimized with the Yoast SEO plugin v25.9 - https:\/\/yoast.com\/wordpress\/plugins\/seo\/ -->\n<title>Massages corps et visage - WordPress<\/title>\n<meta name=\"description\" content=\"Offrez un moment de douceur et de relaxation \u00e0 votre enfant ou adolescent au travers de massages du corps ou du visage\" \/>\n<meta name=\"robots\" content=\"index, follow, max-snippet:-1, max-image-preview:large, max-video-preview:-1\" \/>\n<link rel=\"canonical\" href=\"https:\/\/mylesthetique.com\/index.php\/massages-corps-visage\/\" \/>\n<meta property=\"og:locale\" content=\"fr_FR\" \/>\n<meta property=\"og:type\" content=\"article\" \/>\n<meta property=\"og:title\" content=\"Massages corps et visage - WordPress\" \/>\n<meta property=\"og:description\" content=\"Offrez un moment de douceur et de relaxation \u00e0 votre enfant ou adolescent au travers de massages du corps ou du visage\" \/>\n<meta property=\"og:url\" content=\"https:\/\/mylesthetique.com\/index.php\/massages-corps-visage\/\" \/>\n<meta property=\"og:site_name\" content=\"WordPress\" \/>\n<meta property=\"article:modified_time\" content=\"2026-02-05T09:03:42+00:00\" \/>\n<meta property=\"og:image\" content=\"https:\/\/mylesthetique.com\/wp-content\/uploads\/2025\/03\/Design-sans-titre-35-e1741965101624.png\" \/>\n\t<meta property=\"og:image:width\" content=\"817\" \/>\n\t<meta property=\"og:image:height\" content=\"550\" \/>\n\t<meta property=\"og:image:type\" content=\"image\/png\" \/>\n<meta name=\"twitter:card\" content=\"summary_large_image\" \/>\n<meta name=\"twitter:label1\" content=\"Dur\u00e9e de lecture estim\u00e9e\" \/>\n\t<meta name=\"twitter:data1\" content=\"3 minutes\" \/>\n<script type=\"application\/ld+json\" class=\"yoast-schema-graph\">{\"@context\":\"https:\/\/schema.org\",\"@graph\":[{\"@type\":\"WebPage\",\"@id\":\"https:\/\/mylesthetique.com\/index.php\/massages-corps-visage\/\",\"url\":\"https:\/\/mylesthetique.com\/index.php\/massages-corps-visage\/\",\"name\":\"Massages corps et visage - WordPress\",\"isPartOf\":{\"@id\":\"https:\/\/mylesthetique.com\/#website\"},\"primaryImageOfPage\":{\"@id\":\"https:\/\/mylesthetique.com\/index.php\/massages-corps-visage\/#primaryimage\"},\"image\":{\"@id\":\"https:\/\/mylesthetique.com\/index.php\/massages-corps-visage\/#primaryimage\"},\"thumbnailUrl\":\"https:\/\/mylesthetique.com\/wp-content\/uploads\/2025\/03\/Design-sans-titre-35-e1741965101624.png\",\"datePublished\":\"2024-01-15T14:05:57+00:00\",\"dateModified\":\"2026-02-05T09:03:42+00:00\",\"description\":\"Offrez un moment de douceur et de relaxation \u00e0 votre enfant ou adolescent au travers de massages du corps ou du visage\",\"breadcrumb\":{\"@id\":\"https:\/\/mylesthetique.com\/index.php\/massages-corps-visage\/#breadcrumb\"},\"inLanguage\":\"fr-FR\",\"potentialAction\":[{\"@type\":\"ReadAction\",\"target\":[\"https:\/\/mylesthetique.com\/index.php\/massages-corps-visage\/\"]}]},{\"@type\":\"ImageObject\",\"inLanguage\":\"fr-FR\",\"@id\":\"https:\/\/mylesthetique.com\/index.php\/massages-corps-visage\/#primaryimage\",\"url\":\"https:\/\/mylesthetique.com\/wp-content\/uploads\/2025\/03\/Design-sans-titre-35-e1741965101624.png\",\"contentUrl\":\"https:\/\/mylesthetique.com\/wp-content\/uploads\/2025\/03\/Design-sans-titre-35-e1741965101624.png\",\"width\":817,\"height\":550,\"caption\":\"massages corps et visage enfant\"},{\"@type\":\"BreadcrumbList\",\"@id\":\"https:\/\/mylesthetique.com\/index.php\/massages-corps-visage\/#breadcrumb\",\"itemListElement\":[{\"@type\":\"ListItem\",\"position\":1,\"name\":\"Accueil\",\"item\":\"https:\/\/mylesthetique.com\/\"},{\"@type\":\"ListItem\",\"position\":2,\"name\":\"Massages corps et visage\"}]},{\"@type\":\"WebSite\",\"@id\":\"https:\/\/mylesthetique.com\/#website\",\"url\":\"https:\/\/mylesthetique.com\/\",\"name\":\"WordPress\",\"description\":\"Un site utilisant WordPress\",\"publisher\":{\"@id\":\"https:\/\/mylesthetique.com\/#organization\"},\"potentialAction\":[{\"@type\":\"SearchAction\",\"target\":{\"@type\":\"EntryPoint\",\"urlTemplate\":\"https:\/\/mylesthetique.com\/?s={search_term_string}\"},\"query-input\":{\"@type\":\"PropertyValueSpecification\",\"valueRequired\":true,\"valueName\":\"search_term_string\"}}],\"inLanguage\":\"fr-FR\"},{\"@type\":\"Organization\",\"@id\":\"https:\/\/mylesthetique.com\/#organization\",\"name\":\"WordPress\",\"url\":\"https:\/\/mylesthetique.com\/\",\"logo\":{\"@type\":\"ImageObject\",\"inLanguage\":\"fr-FR\",\"@id\":\"https:\/\/mylesthetique.com\/#\/schema\/logo\/image\/\",\"url\":\"https:\/\/mylesthetique.com\/wp-content\/uploads\/2023\/09\/cropped-myl-esthetique.png\",\"contentUrl\":\"https:\/\/mylesthetique.com\/wp-content\/uploads\/2023\/09\/cropped-myl-esthetique.png\",\"width\":1050,\"height\":270,\"caption\":\"WordPress\"},\"image\":{\"@id\":\"https:\/\/mylesthetique.com\/#\/schema\/logo\/image\/\"}}]}<\/script>\n<!-- \/ Yoast SEO plugin. -->","yoast_head_json":{"title":"Massages corps et visage - WordPress","description":"Offrez un moment de douceur et de relaxation \u00e0 votre enfant ou adolescent au travers de massages du corps ou du visage","robots":{"index":"index","follow":"follow","max-snippet":"max-snippet:-1","max-image-preview":"max-image-preview:large","max-video-preview":"max-video-preview:-1"},"canonical":"https:\/\/mylesthetique.com\/index.php\/massages-corps-visage\/","og_locale":"fr_FR","og_type":"article","og_title":"Massages corps et visage - WordPress","og_description":"Offrez un moment de douceur et de relaxation \u00e0 votre enfant ou adolescent au travers de massages du corps ou du visage","og_url":"https:\/\/mylesthetique.com\/index.php\/massages-corps-visage\/","og_site_name":"WordPress","article_modified_time":"2026-02-05T09:03:42+00:00","og_image":[{"width":817,"height":550,"url":"https:\/\/mylesthetique.com\/wp-content\/uploads\/2025\/03\/Design-sans-titre-35-e1741965101624.png","type":"image\/png"}],"twitter_card":"summary_large_image","twitter_misc":{"Dur\u00e9e de lecture estim\u00e9e":"3 minutes"},"schema":{"@context":"https:\/\/schema.org","@graph":[{"@type":"WebPage","@id":"https:\/\/mylesthetique.com\/index.php\/massages-corps-visage\/","url":"https:\/\/mylesthetique.com\/index.php\/massages-corps-visage\/","name":"Massages corps et visage - WordPress","isPartOf":{"@id":"https:\/\/mylesthetique.com\/#website"},"primaryImageOfPage":{"@id":"https:\/\/mylesthetique.com\/index.php\/massages-corps-visage\/#primaryimage"},"image":{"@id":"https:\/\/mylesthetique.com\/index.php\/massages-corps-visage\/#primaryimage"},"thumbnailUrl":"https:\/\/mylesthetique.com\/wp-content\/uploads\/2025\/03\/Design-sans-titre-35-e1741965101624.png","datePublished":"2024-01-15T14:05:57+00:00","dateModified":"2026-02-05T09:03:42+00:00","description":"Offrez un moment de douceur et de relaxation \u00e0 votre enfant ou adolescent au travers de massages du corps ou du visage","breadcrumb":{"@id":"https:\/\/mylesthetique.com\/index.php\/massages-corps-visage\/#breadcrumb"},"inLanguage":"fr-FR","potentialAction":[{"@type":"ReadAction","target":["https:\/\/mylesthetique.com\/index.php\/massages-corps-visage\/"]}]},{"@type":"ImageObject","inLanguage":"fr-FR","@id":"https:\/\/mylesthetique.com\/index.php\/massages-corps-visage\/#primaryimage","url":"https:\/\/mylesthetique.com\/wp-content\/uploads\/2025\/03\/Design-sans-titre-35-e1741965101624.png","contentUrl":"https:\/\/mylesthetique.com\/wp-content\/uploads\/2025\/03\/Design-sans-titre-35-e1741965101624.png","width":817,"height":550,"caption":"massages corps et visage enfant"},{"@type":"BreadcrumbList","@id":"https:\/\/mylesthetique.com\/index.php\/massages-corps-visage\/#breadcrumb","itemListElement":[{"@type":"ListItem","position":1,"name":"Accueil","item":"https:\/\/mylesthetique.com\/"},{"@type":"ListItem","position":2,"name":"Massages corps et visage"}]},{"@type":"WebSite","@id":"https:\/\/mylesthetique.com\/#website","url":"https:\/\/mylesthetique.com\/","name":"WordPress","description":"Un site utilisant WordPress","publisher":{"@id":"https:\/\/mylesthetique.com\/#organization"},"potentialAction":[{"@type":"SearchAction","target":{"@type":"EntryPoint","urlTemplate":"https:\/\/mylesthetique.com\/?s={search_term_string}"},"query-input":{"@type":"PropertyValueSpecification","valueRequired":true,"valueName":"search_term_string"}}],"inLanguage":"fr-FR"},{"@type":"Organization","@id":"https:\/\/mylesthetique.com\/#organization","name":"WordPress","url":"https:\/\/mylesthetique.com\/","logo":{"@type":"ImageObject","inLanguage":"fr-FR","@id":"https:\/\/mylesthetique.com\/#\/schema\/logo\/image\/","url":"https:\/\/mylesthetique.com\/wp-content\/uploads\/2023\/09\/cropped-myl-esthetique.png","contentUrl":"https:\/\/mylesthetique.com\/wp-content\/uploads\/2023\/09\/cropped-myl-esthetique.png","width":1050,"height":270,"caption":"WordPress"},"image":{"@id":"https:\/\/mylesthetique.com\/#\/schema\/logo\/image\/"}}]}},"_links":{"self":[{"href":"https:\/\/mylesthetique.com\/index.php\/wp-json\/wp\/v2\/pages\/912","targetHints":{"allow":["GET"]}}],"collection":[{"href":"https:\/\/mylesthetique.com\/index.php\/wp-json\/wp\/v2\/pages"}],"about":[{"href":"https:\/\/mylesthetique.com\/index.php\/wp-json\/wp\/v2\/types\/page"}],"author":[{"embeddable":true,"href":"https:\/\/mylesthetique.com\/index.php\/wp-json\/wp\/v2\/users\/1"}],"replies":[{"embeddable":true,"href":"https:\/\/mylesthetique.com\/index.php\/wp-json\/wp\/v2\/comments?post=912"}],"version-history":[{"count":31,"href":"https:\/\/mylesthetique.com\/index.php\/wp-json\/wp\/v2\/pages\/912\/revisions"}],"predecessor-version":[{"id":2146,"href":"https:\/\/mylesthetique.com\/index.php\/wp-json\/wp\/v2\/pages\/912\/revisions\/2146"}],"wp:featuredmedia":[{"embeddable":true,"href":"https:\/\/mylesthetique.com\/index.php\/wp-json\/wp\/v2\/media\/1932"}],"wp:attachment":[{"href":"https:\/\/mylesthetique.com\/index.php\/wp-json\/wp\/v2\/media?parent=912"}],"curies":[{"name":"wp","href":"https:\/\/api.w.org\/{rel}","templated":true}]}}