{"id":848,"date":"2024-01-12T16:47:29","date_gmt":"2024-01-12T15:47:29","guid":{"rendered":"https:\/\/mylesthetique.com\/?page_id=848"},"modified":"2026-02-05T14:39:31","modified_gmt":"2026-02-05T13:39:31","slug":"beaute-mains-pieds","status":"publish","type":"page","link":"https:\/\/mylesthetique.com\/index.php\/beaute-mains-pieds\/","title":{"rendered":"La beaut\u00e9 des mains et des pieds"},"content":{"rendered":"\t\t<div data-elementor-type=\"wp-page\" data-elementor-id=\"848\" class=\"elementor elementor-848\">\n\t\t\t\t<div class=\"elementor-element elementor-element-09c2566 e-flex e-con-boxed e-con e-parent\" data-id=\"09c2566\" data-element_type=\"container\">\n\t\t\t\t\t<div class=\"e-con-inner\">\n\t\t\t\t<div class=\"elementor-element elementor-element-5e6fb35 elementor-widget elementor-widget-image\" data-id=\"5e6fb35\" data-element_type=\"widget\" data-widget_type=\"image.default\">\n\t\t\t\t<div class=\"elementor-widget-container\">\n\t\t\t\t\t\t\t\t\t\t\t\t\t\t\t<img fetchpriority=\"high\" decoding=\"async\" width=\"366\" height=\"182\" src=\"https:\/\/mylesthetique.com\/wp-content\/uploads\/2024\/01\/Capture.png\" class=\"attachment-full size-full wp-image-1044\" alt=\"beaut\u00e9 mains et pieds homme\" srcset=\"https:\/\/mylesthetique.com\/wp-content\/uploads\/2024\/01\/Capture.png 366w, https:\/\/mylesthetique.com\/wp-content\/uploads\/2024\/01\/Capture-300x149.png 300w\" sizes=\"(max-width: 366px) 100vw, 366px\" \/>\t\t\t\t\t\t\t\t\t\t\t\t\t\t\t<\/div>\n\t\t\t\t<\/div>\n\t\t\t\t\t<\/div>\n\t\t\t\t<\/div>\n\t\t<div class=\"elementor-element elementor-element-adfe05b e-flex e-con-boxed e-con e-parent\" data-id=\"adfe05b\" data-element_type=\"container\">\n\t\t\t\t\t<div class=\"e-con-inner\">\n\t\t\t\t<div class=\"elementor-element elementor-element-c29e30b elementor-widget elementor-widget-text-editor\" data-id=\"c29e30b\" data-element_type=\"widget\" data-widget_type=\"text-editor.default\">\n\t\t\t\t<div class=\"elementor-widget-container\">\n\t\t\t\t\t\t\t\t\t<p>\u00c9tant donn\u00e9 que pour les hommes, il peut \u00e9galement \u00eatre important d&rsquo;avoir de belles mains que se soit pour le travail ou par plaisir,&nbsp; savourez un moment de d\u00e9tente gr\u00e2ce \u00e0 une beaut\u00e9 des mains ou des pieds.<\/p>\t\t\t\t\t\t\t\t<\/div>\n\t\t\t\t<\/div>\n\t\t\t\t\t<\/div>\n\t\t\t\t<\/div>\n\t\t<div class=\"elementor-element elementor-element-4f7414f e-flex e-con-boxed e-con e-parent\" data-id=\"4f7414f\" data-element_type=\"container\">\n\t\t\t\t\t<div class=\"e-con-inner\">\n\t\t\t\t<div class=\"elementor-element elementor-element-945a125 elementor-widget elementor-widget-text-editor\" data-id=\"945a125\" data-element_type=\"widget\" data-widget_type=\"text-editor.default\">\n\t\t\t\t<div class=\"elementor-widget-container\">\n\t\t\t\t\t\t\t\t\t<p>Saviez vous que les soins des mains et des pieds sont essentiels?\u00a0<\/p><p>En effet, la\u00a0pose d&rsquo;un\u00a0<strong>masque<\/strong>\u00a0hydratant stimule la <strong>pousse des ongles<\/strong>.<\/p><p>Le massage permet de :<\/p><ul><li>favoriser la<strong> bonne circulation<\/strong> du sang,<\/li><li><strong>\u00e9liminer les toxines<\/strong> pr\u00e9sentent au niveau des coussinets,<\/li><li><strong>soulager les tensions musculaires<\/strong>.<\/li><\/ul><p>Le limage ne fragilise pas l&rsquo;ongle contrairement au fait de les couper et limite<strong>\u00a0l&rsquo;apparition d&rsquo;ongles incarn\u00e9s<\/strong>.<\/p><p>Les cuticules ont un <strong>r\u00f4le essentiel<\/strong> pour nos ongles, en luttant contre les microbes et bact\u00e9ries c&rsquo;est pourquoi il est imp\u00e9ratif de les travailler avec douceur.<\/p><p>Pour consulter les contre indications, cliquez sur ce lien :\u00a0<a href=\"https:\/\/mylesthetique.com\/index.php\/contre-indications\/\">Contre indications<\/a><\/p>\t\t\t\t\t\t\t\t<\/div>\n\t\t\t\t<\/div>\n\t\t\t\t\t<\/div>\n\t\t\t\t<\/div>\n\t\t<div class=\"elementor-element elementor-element-6b523ec e-flex e-con-boxed e-con e-parent\" data-id=\"6b523ec\" data-element_type=\"container\">\n\t\t\t\t\t<div class=\"e-con-inner\">\n\t\t\t\t<div class=\"elementor-element elementor-element-6f6d6b6 elementor-align-center elementor-widget elementor-widget-button\" data-id=\"6f6d6b6\" data-element_type=\"widget\" data-widget_type=\"button.default\">\n\t\t\t\t<div class=\"elementor-widget-container\">\n\t\t\t\t\t\t\t\t\t<div class=\"elementor-button-wrapper\">\n\t\t\t\t\t<a class=\"elementor-button elementor-button-link elementor-size-sm\" href=\"tel:+33618670885\">\n\t\t\t\t\t\t<span class=\"elementor-button-content-wrapper\">\n\t\t\t\t\t\t\t\t\t<span class=\"elementor-button-text\">Cliquez ici pour prendre rendez-vous<\/span>\n\t\t\t\t\t<\/span>\n\t\t\t\t\t<\/a>\n\t\t\t\t<\/div>\n\t\t\t\t\t\t\t\t<\/div>\n\t\t\t\t<\/div>\n\t\t\t\t\t<\/div>\n\t\t\t\t<\/div>\n\t\t<div class=\"elementor-element elementor-element-6eeadad e-flex e-con-boxed e-con e-parent\" data-id=\"6eeadad\" data-element_type=\"container\">\n\t\t\t\t\t<div class=\"e-con-inner\">\n\t\t\t\t<div class=\"elementor-element elementor-element-dead4f4 elementor-widget elementor-widget-heading\" data-id=\"dead4f4\" data-element_type=\"widget\" data-widget_type=\"heading.default\">\n\t\t\t\t<div class=\"elementor-widget-container\">\n\t\t\t\t\t<h1 class=\"elementor-heading-title elementor-size-default\">La beaut\u00e9 des mains et des pieds<\/h1>\t\t\t\t<\/div>\n\t\t\t\t<\/div>\n\t\t\t\t\t<\/div>\n\t\t\t\t<\/div>\n\t\t<div class=\"elementor-element elementor-element-e740d47 e-flex e-con-boxed e-con e-parent\" data-id=\"e740d47\" data-element_type=\"container\">\n\t\t\t\t\t<div class=\"e-con-inner\">\n\t\t\t\t<div class=\"elementor-element elementor-element-39095b4 elementor-widget elementor-widget-heading\" data-id=\"39095b4\" data-element_type=\"widget\" data-widget_type=\"heading.default\">\n\t\t\t\t<div class=\"elementor-widget-container\">\n\t\t\t\t\t<h2 class=\"elementor-heading-title elementor-size-default\">Les soins des mains et des pieds<\/h2>\t\t\t\t<\/div>\n\t\t\t\t<\/div>\n\t\t\t\t\t<\/div>\n\t\t\t\t<\/div>\n\t\t<div class=\"elementor-element elementor-element-2488cce e-flex e-con-boxed e-con e-parent\" data-id=\"2488cce\" data-element_type=\"container\">\n\t\t\t\t\t<div class=\"e-con-inner\">\n\t\t\t\t<div class=\"elementor-element elementor-element-6d80bbc elementor-widget elementor-widget-text-editor\" data-id=\"6d80bbc\" data-element_type=\"widget\" data-widget_type=\"text-editor.default\">\n\t\t\t\t<div class=\"elementor-widget-container\">\n\t\t\t\t\t\t\t\t\t<p>Je mets donc \u00e0 votre disposition 2 options :<\/p>\t\t\t\t\t\t\t\t<\/div>\n\t\t\t\t<\/div>\n\t\t\t\t\t<\/div>\n\t\t\t\t<\/div>\n\t\t<div class=\"elementor-element elementor-element-ec5d6f7 e-con-full e-flex e-con e-parent\" data-id=\"ec5d6f7\" data-element_type=\"container\" data-settings=\"{&quot;background_background&quot;:&quot;classic&quot;}\">\n\t\t<div class=\"elementor-element elementor-element-a4db450 e-con-full e-flex e-con e-child\" data-id=\"a4db450\" data-element_type=\"container\">\n\t\t\t\t<div class=\"elementor-element elementor-element-f304357 elementor-widget elementor-widget-heading\" data-id=\"f304357\" data-element_type=\"widget\" data-widget_type=\"heading.default\">\n\t\t\t\t<div class=\"elementor-widget-container\">\n\t\t\t\t\t<h3 class=\"elementor-heading-title elementor-size-default\">Soin classique 20\u20ac<\/h3>\t\t\t\t<\/div>\n\t\t\t\t<\/div>\n\t\t\t\t<div class=\"elementor-element elementor-element-6d9ec87 elementor-widget elementor-widget-text-editor\" data-id=\"6d9ec87\" data-element_type=\"widget\" data-widget_type=\"text-editor.default\">\n\t\t\t\t<div class=\"elementor-widget-container\">\n\t\t\t\t\t\t\t\t\t<p>Ce soin comprend :\u00a0<\/p><ul><li>le limage des ongles,\u00a0<\/li><li>le travail des cuticules,<\/li><li>et un massage.<\/li><\/ul>\t\t\t\t\t\t\t\t<\/div>\n\t\t\t\t<\/div>\n\t\t\t\t<\/div>\n\t\t\t\t<\/div>\n\t\t<div class=\"elementor-element elementor-element-9e416a5 e-con-full e-flex e-con e-parent\" data-id=\"9e416a5\" data-element_type=\"container\" data-settings=\"{&quot;background_background&quot;:&quot;classic&quot;}\">\n\t\t<div class=\"elementor-element elementor-element-bb95db8 e-con-full e-flex e-con e-child\" data-id=\"bb95db8\" data-element_type=\"container\">\n\t\t\t\t<div class=\"elementor-element elementor-element-f60537a elementor-widget elementor-widget-heading\" data-id=\"f60537a\" data-element_type=\"widget\" data-widget_type=\"heading.default\">\n\t\t\t\t<div class=\"elementor-widget-container\">\n\t\t\t\t\t<h3 class=\"elementor-heading-title elementor-size-default\">Soin hydratant ou <br>anti Callosit\u00e9 35\u20ac<\/h3>\t\t\t\t<\/div>\n\t\t\t\t<\/div>\n\t\t\t\t<div class=\"elementor-element elementor-element-c267871 elementor-widget elementor-widget-text-editor\" data-id=\"c267871\" data-element_type=\"widget\" data-widget_type=\"text-editor.default\">\n\t\t\t\t<div class=\"elementor-widget-container\">\n\t\t\t\t\t\t\t\t\t<p>Pour retrouver des mains ou des pieds tout doux.<\/p>\t\t\t\t\t\t\t\t<\/div>\n\t\t\t\t<\/div>\n\t\t\t\t<\/div>\n\t\t\t\t<\/div>\n\t\t\t\t<\/div>\n\t\t","protected":false},"excerpt":{"rendered":"<p>\u00c9tant donn\u00e9 que pour les hommes, il peut \u00e9galement \u00eatre important d&rsquo;avoir de belles mains que se soit pour le travail ou par plaisir,&nbsp; savourez un moment de d\u00e9tente gr\u00e2ce \u00e0 une beaut\u00e9 des mains ou des pieds. Saviez vous que les soins des mains et des pieds sont essentiels?\u00a0 En effet, la\u00a0pose d&rsquo;un\u00a0masque\u00a0hydratant stimule [&hellip;]<\/p>\n","protected":false},"author":1,"featured_media":1044,"parent":0,"menu_order":0,"comment_status":"closed","ping_status":"closed","template":"","meta":{"footnotes":""},"class_list":["post-848","page","type-page","status-publish","has-post-thumbnail","hentry","entry","has-media"],"yoast_head":"<!-- This site is optimized with the Yoast SEO plugin v25.9 - https:\/\/yoast.com\/wordpress\/plugins\/seo\/ -->\n<title>La beaut\u00e9 des mains et des pieds - WordPress<\/title>\n<meta name=\"description\" content=\"Offrez vous une beaut\u00e9 des mains ou des pieds sp\u00e9cialement con\u00e7ue pour les hommes afin d&#039;avoir de belles mains dans votre institut \u00e0 Saint Cezaire\" \/>\n<meta name=\"robots\" content=\"index, follow, max-snippet:-1, max-image-preview:large, max-video-preview:-1\" \/>\n<link rel=\"canonical\" href=\"https:\/\/mylesthetique.com\/index.php\/beaute-mains-pieds\/\" \/>\n<meta property=\"og:locale\" content=\"fr_FR\" \/>\n<meta property=\"og:type\" content=\"article\" \/>\n<meta property=\"og:title\" content=\"La beaut\u00e9 des mains et des pieds - WordPress\" \/>\n<meta property=\"og:description\" content=\"Offrez vous une beaut\u00e9 des mains ou des pieds sp\u00e9cialement con\u00e7ue pour les hommes afin d&#039;avoir de belles mains dans votre institut \u00e0 Saint Cezaire\" \/>\n<meta property=\"og:url\" content=\"https:\/\/mylesthetique.com\/index.php\/beaute-mains-pieds\/\" \/>\n<meta property=\"og:site_name\" content=\"WordPress\" \/>\n<meta property=\"article:modified_time\" content=\"2026-02-05T13:39:31+00:00\" \/>\n<meta property=\"og:image\" content=\"https:\/\/mylesthetique.com\/wp-content\/uploads\/2024\/01\/Capture.png\" \/>\n\t<meta property=\"og:image:width\" content=\"366\" \/>\n\t<meta property=\"og:image:height\" content=\"182\" \/>\n\t<meta property=\"og:image:type\" content=\"image\/png\" \/>\n<meta name=\"twitter:card\" content=\"summary_large_image\" \/>\n<meta name=\"twitter:label1\" content=\"Dur\u00e9e de lecture estim\u00e9e\" \/>\n\t<meta name=\"twitter:data1\" content=\"2 minutes\" \/>\n<script type=\"application\/ld+json\" class=\"yoast-schema-graph\">{\"@context\":\"https:\/\/schema.org\",\"@graph\":[{\"@type\":\"WebPage\",\"@id\":\"https:\/\/mylesthetique.com\/index.php\/beaute-mains-pieds\/\",\"url\":\"https:\/\/mylesthetique.com\/index.php\/beaute-mains-pieds\/\",\"name\":\"La beaut\u00e9 des mains et des pieds - WordPress\",\"isPartOf\":{\"@id\":\"https:\/\/mylesthetique.com\/#website\"},\"primaryImageOfPage\":{\"@id\":\"https:\/\/mylesthetique.com\/index.php\/beaute-mains-pieds\/#primaryimage\"},\"image\":{\"@id\":\"https:\/\/mylesthetique.com\/index.php\/beaute-mains-pieds\/#primaryimage\"},\"thumbnailUrl\":\"https:\/\/mylesthetique.com\/wp-content\/uploads\/2024\/01\/Capture.png\",\"datePublished\":\"2024-01-12T15:47:29+00:00\",\"dateModified\":\"2026-02-05T13:39:31+00:00\",\"description\":\"Offrez vous une beaut\u00e9 des mains ou des pieds sp\u00e9cialement con\u00e7ue pour les hommes afin d'avoir de belles mains dans votre institut \u00e0 Saint Cezaire\",\"breadcrumb\":{\"@id\":\"https:\/\/mylesthetique.com\/index.php\/beaute-mains-pieds\/#breadcrumb\"},\"inLanguage\":\"fr-FR\",\"potentialAction\":[{\"@type\":\"ReadAction\",\"target\":[\"https:\/\/mylesthetique.com\/index.php\/beaute-mains-pieds\/\"]}]},{\"@type\":\"ImageObject\",\"inLanguage\":\"fr-FR\",\"@id\":\"https:\/\/mylesthetique.com\/index.php\/beaute-mains-pieds\/#primaryimage\",\"url\":\"https:\/\/mylesthetique.com\/wp-content\/uploads\/2024\/01\/Capture.png\",\"contentUrl\":\"https:\/\/mylesthetique.com\/wp-content\/uploads\/2024\/01\/Capture.png\",\"width\":366,\"height\":182,\"caption\":\"beaut\u00e9 mains et pieds homme\"},{\"@type\":\"BreadcrumbList\",\"@id\":\"https:\/\/mylesthetique.com\/index.php\/beaute-mains-pieds\/#breadcrumb\",\"itemListElement\":[{\"@type\":\"ListItem\",\"position\":1,\"name\":\"Accueil\",\"item\":\"https:\/\/mylesthetique.com\/\"},{\"@type\":\"ListItem\",\"position\":2,\"name\":\"La beaut\u00e9 des mains et des pieds\"}]},{\"@type\":\"WebSite\",\"@id\":\"https:\/\/mylesthetique.com\/#website\",\"url\":\"https:\/\/mylesthetique.com\/\",\"name\":\"WordPress\",\"description\":\"Un site utilisant WordPress\",\"publisher\":{\"@id\":\"https:\/\/mylesthetique.com\/#organization\"},\"potentialAction\":[{\"@type\":\"SearchAction\",\"target\":{\"@type\":\"EntryPoint\",\"urlTemplate\":\"https:\/\/mylesthetique.com\/?s={search_term_string}\"},\"query-input\":{\"@type\":\"PropertyValueSpecification\",\"valueRequired\":true,\"valueName\":\"search_term_string\"}}],\"inLanguage\":\"fr-FR\"},{\"@type\":\"Organization\",\"@id\":\"https:\/\/mylesthetique.com\/#organization\",\"name\":\"WordPress\",\"url\":\"https:\/\/mylesthetique.com\/\",\"logo\":{\"@type\":\"ImageObject\",\"inLanguage\":\"fr-FR\",\"@id\":\"https:\/\/mylesthetique.com\/#\/schema\/logo\/image\/\",\"url\":\"https:\/\/mylesthetique.com\/wp-content\/uploads\/2023\/09\/cropped-myl-esthetique.png\",\"contentUrl\":\"https:\/\/mylesthetique.com\/wp-content\/uploads\/2023\/09\/cropped-myl-esthetique.png\",\"width\":1050,\"height\":270,\"caption\":\"WordPress\"},\"image\":{\"@id\":\"https:\/\/mylesthetique.com\/#\/schema\/logo\/image\/\"}}]}<\/script>\n<!-- \/ Yoast SEO plugin. -->","yoast_head_json":{"title":"La beaut\u00e9 des mains et des pieds - WordPress","description":"Offrez vous une beaut\u00e9 des mains ou des pieds sp\u00e9cialement con\u00e7ue pour les hommes afin d'avoir de belles mains dans votre institut \u00e0 Saint Cezaire","robots":{"index":"index","follow":"follow","max-snippet":"max-snippet:-1","max-image-preview":"max-image-preview:large","max-video-preview":"max-video-preview:-1"},"canonical":"https:\/\/mylesthetique.com\/index.php\/beaute-mains-pieds\/","og_locale":"fr_FR","og_type":"article","og_title":"La beaut\u00e9 des mains et des pieds - WordPress","og_description":"Offrez vous une beaut\u00e9 des mains ou des pieds sp\u00e9cialement con\u00e7ue pour les hommes afin d'avoir de belles mains dans votre institut \u00e0 Saint Cezaire","og_url":"https:\/\/mylesthetique.com\/index.php\/beaute-mains-pieds\/","og_site_name":"WordPress","article_modified_time":"2026-02-05T13:39:31+00:00","og_image":[{"width":366,"height":182,"url":"https:\/\/mylesthetique.com\/wp-content\/uploads\/2024\/01\/Capture.png","type":"image\/png"}],"twitter_card":"summary_large_image","twitter_misc":{"Dur\u00e9e de lecture estim\u00e9e":"2 minutes"},"schema":{"@context":"https:\/\/schema.org","@graph":[{"@type":"WebPage","@id":"https:\/\/mylesthetique.com\/index.php\/beaute-mains-pieds\/","url":"https:\/\/mylesthetique.com\/index.php\/beaute-mains-pieds\/","name":"La beaut\u00e9 des mains et des pieds - WordPress","isPartOf":{"@id":"https:\/\/mylesthetique.com\/#website"},"primaryImageOfPage":{"@id":"https:\/\/mylesthetique.com\/index.php\/beaute-mains-pieds\/#primaryimage"},"image":{"@id":"https:\/\/mylesthetique.com\/index.php\/beaute-mains-pieds\/#primaryimage"},"thumbnailUrl":"https:\/\/mylesthetique.com\/wp-content\/uploads\/2024\/01\/Capture.png","datePublished":"2024-01-12T15:47:29+00:00","dateModified":"2026-02-05T13:39:31+00:00","description":"Offrez vous une beaut\u00e9 des mains ou des pieds sp\u00e9cialement con\u00e7ue pour les hommes afin d'avoir de belles mains dans votre institut \u00e0 Saint Cezaire","breadcrumb":{"@id":"https:\/\/mylesthetique.com\/index.php\/beaute-mains-pieds\/#breadcrumb"},"inLanguage":"fr-FR","potentialAction":[{"@type":"ReadAction","target":["https:\/\/mylesthetique.com\/index.php\/beaute-mains-pieds\/"]}]},{"@type":"ImageObject","inLanguage":"fr-FR","@id":"https:\/\/mylesthetique.com\/index.php\/beaute-mains-pieds\/#primaryimage","url":"https:\/\/mylesthetique.com\/wp-content\/uploads\/2024\/01\/Capture.png","contentUrl":"https:\/\/mylesthetique.com\/wp-content\/uploads\/2024\/01\/Capture.png","width":366,"height":182,"caption":"beaut\u00e9 mains et pieds homme"},{"@type":"BreadcrumbList","@id":"https:\/\/mylesthetique.com\/index.php\/beaute-mains-pieds\/#breadcrumb","itemListElement":[{"@type":"ListItem","position":1,"name":"Accueil","item":"https:\/\/mylesthetique.com\/"},{"@type":"ListItem","position":2,"name":"La beaut\u00e9 des mains et des pieds"}]},{"@type":"WebSite","@id":"https:\/\/mylesthetique.com\/#website","url":"https:\/\/mylesthetique.com\/","name":"WordPress","description":"Un site utilisant WordPress","publisher":{"@id":"https:\/\/mylesthetique.com\/#organization"},"potentialAction":[{"@type":"SearchAction","target":{"@type":"EntryPoint","urlTemplate":"https:\/\/mylesthetique.com\/?s={search_term_string}"},"query-input":{"@type":"PropertyValueSpecification","valueRequired":true,"valueName":"search_term_string"}}],"inLanguage":"fr-FR"},{"@type":"Organization","@id":"https:\/\/mylesthetique.com\/#organization","name":"WordPress","url":"https:\/\/mylesthetique.com\/","logo":{"@type":"ImageObject","inLanguage":"fr-FR","@id":"https:\/\/mylesthetique.com\/#\/schema\/logo\/image\/","url":"https:\/\/mylesthetique.com\/wp-content\/uploads\/2023\/09\/cropped-myl-esthetique.png","contentUrl":"https:\/\/mylesthetique.com\/wp-content\/uploads\/2023\/09\/cropped-myl-esthetique.png","width":1050,"height":270,"caption":"WordPress"},"image":{"@id":"https:\/\/mylesthetique.com\/#\/schema\/logo\/image\/"}}]}},"_links":{"self":[{"href":"https:\/\/mylesthetique.com\/index.php\/wp-json\/wp\/v2\/pages\/848","targetHints":{"allow":["GET"]}}],"collection":[{"href":"https:\/\/mylesthetique.com\/index.php\/wp-json\/wp\/v2\/pages"}],"about":[{"href":"https:\/\/mylesthetique.com\/index.php\/wp-json\/wp\/v2\/types\/page"}],"author":[{"embeddable":true,"href":"https:\/\/mylesthetique.com\/index.php\/wp-json\/wp\/v2\/users\/1"}],"replies":[{"embeddable":true,"href":"https:\/\/mylesthetique.com\/index.php\/wp-json\/wp\/v2\/comments?post=848"}],"version-history":[{"count":42,"href":"https:\/\/mylesthetique.com\/index.php\/wp-json\/wp\/v2\/pages\/848\/revisions"}],"predecessor-version":[{"id":2239,"href":"https:\/\/mylesthetique.com\/index.php\/wp-json\/wp\/v2\/pages\/848\/revisions\/2239"}],"wp:featuredmedia":[{"embeddable":true,"href":"https:\/\/mylesthetique.com\/index.php\/wp-json\/wp\/v2\/media\/1044"}],"wp:attachment":[{"href":"https:\/\/mylesthetique.com\/index.php\/wp-json\/wp\/v2\/media?parent=848"}],"curies":[{"name":"wp","href":"https:\/\/api.w.org\/{rel}","templated":true}]}}