{"id":787,"date":"2024-01-11T15:42:27","date_gmt":"2024-01-11T14:42:27","guid":{"rendered":"https:\/\/mylesthetique.com\/?page_id=787"},"modified":"2026-02-05T11:10:55","modified_gmt":"2026-02-05T10:10:55","slug":"soins-femmes","status":"publish","type":"page","link":"https:\/\/mylesthetique.com\/index.php\/soins-femmes\/","title":{"rendered":"Soins Femmes"},"content":{"rendered":"\t\t<div data-elementor-type=\"wp-page\" data-elementor-id=\"787\" class=\"elementor elementor-787\">\n\t\t\t\t<div class=\"elementor-element elementor-element-f899b0b e-flex e-con-boxed e-con e-parent\" data-id=\"f899b0b\" data-element_type=\"container\">\n\t\t\t\t\t<div class=\"e-con-inner\">\n\t\t\t\t<div class=\"elementor-element elementor-element-b65d310 elementor-widget elementor-widget-text-editor\" data-id=\"b65d310\" data-element_type=\"widget\" data-widget_type=\"text-editor.default\">\n\t\t\t\t<div class=\"elementor-widget-container\">\n\t\t\t\t\t\t\t\t\t<p>Tous les soins femmes sont effectu\u00e9s avec des produits naturels, aux senteurs d\u00e9licates et sont fabriqu\u00e9s en France.<\/p><p>En tant qu&rsquo;esth\u00e9ticienne, facialiste et masseuse, je propose de nombreux soins\u00a0 pour les femmes.<\/p>\t\t\t\t\t\t\t\t<\/div>\n\t\t\t\t<\/div>\n\t\t\t\t\t<\/div>\n\t\t\t\t<\/div>\n\t\t<div class=\"elementor-element elementor-element-681b109 e-flex e-con-boxed e-con e-parent\" data-id=\"681b109\" data-element_type=\"container\">\n\t\t\t\t\t<div class=\"e-con-inner\">\n\t\t\t\t<div class=\"elementor-element elementor-element-149d597 elementor-widget elementor-widget-text-editor\" data-id=\"149d597\" data-element_type=\"widget\" data-widget_type=\"text-editor.default\">\n\t\t\t\t<div class=\"elementor-widget-container\">\n\t\t\t\t\t\t\t\t\t<p>Profitez d&rsquo;une relaxation profonde, que ce soit avec :<\/p><ul><li>\u00a0les <strong>soins du visage facialistes, <\/strong>d\u00e9tente, peau revitalis\u00e9e, \u00e9clat,&#8230;<\/li><li>ou avec les <strong>massages du visage facilialistes<\/strong> : <strong>Kobido<\/strong>,\u00a0<strong>Shiatsu cr\u00e2nien<\/strong> pour un l\u00e2cher prise total,<\/li><li>ou encore avec les <strong>massages corps et les soins holistiques : anti cellulite, relaxant, \u00e9motionnel,..<\/strong><\/li><li>vous pouvez \u00e9galement d\u00e9couvrir la <strong>beaut\u00e9 des mains et des pieds<\/strong> avec soin classique, anti <strong>callosit\u00e9s ou hydratant,<\/strong><\/li><li>red\u00e9couvrez les <strong>\u00e9pilations \u00e0 la cire.<\/strong><\/li><\/ul><div><p>Vous trouverez \u00e0 mes c\u00f4t\u00e9s une oreille attentive, de la bienveillance, des conseils et astuces beaut\u00e9.<\/p><\/div><p>Chaque produit est utilis\u00e9 en fonction des besoins de votre peau et chaque soin est personnalis\u00e9 pour vous offrir une exp\u00e9rience unique.<\/p><p>Pour consulter ma page Instagram\u00a0<a href=\"https:\/\/www.instagram.com\/myl.esthetique_estheticienne\/\" target=\"_blank\" rel=\"noopener\">cliquez ici<\/a><\/p>\t\t\t\t\t\t\t\t<\/div>\n\t\t\t\t<\/div>\n\t\t\t\t\t<\/div>\n\t\t\t\t<\/div>\n\t\t<div class=\"elementor-element elementor-element-0922236 e-flex e-con-boxed e-con e-parent\" data-id=\"0922236\" data-element_type=\"container\">\n\t\t\t\t\t<div class=\"e-con-inner\">\n\t\t\t\t<div class=\"elementor-element elementor-element-38b65f4 elementor-align-center elementor-widget elementor-widget-button\" data-id=\"38b65f4\" data-element_type=\"widget\" data-widget_type=\"button.default\">\n\t\t\t\t<div class=\"elementor-widget-container\">\n\t\t\t\t\t\t\t\t\t<div class=\"elementor-button-wrapper\">\n\t\t\t\t\t<a class=\"elementor-button elementor-button-link elementor-size-sm\" href=\"tel:+33618670885\">\n\t\t\t\t\t\t<span class=\"elementor-button-content-wrapper\">\n\t\t\t\t\t\t\t\t\t<span class=\"elementor-button-text\">Cliquez ici pour prendre rendes-vous<\/span>\n\t\t\t\t\t<\/span>\n\t\t\t\t\t<\/a>\n\t\t\t\t<\/div>\n\t\t\t\t\t\t\t\t<\/div>\n\t\t\t\t<\/div>\n\t\t\t\t\t<\/div>\n\t\t\t\t<\/div>\n\t\t<div class=\"elementor-element elementor-element-e838b90 e-flex e-con-boxed e-con e-parent\" data-id=\"e838b90\" data-element_type=\"container\">\n\t\t\t\t\t<div class=\"e-con-inner\">\n\t\t\t\t<div class=\"elementor-element elementor-element-45bef5c elementor-widget elementor-widget-heading\" data-id=\"45bef5c\" data-element_type=\"widget\" data-widget_type=\"heading.default\">\n\t\t\t\t<div class=\"elementor-widget-container\">\n\t\t\t\t\t<h1 class=\"elementor-heading-title elementor-size-default\">Les Soins Femmes <\/h1>\t\t\t\t<\/div>\n\t\t\t\t<\/div>\n\t\t\t\t\t<\/div>\n\t\t\t\t<\/div>\n\t\t<div class=\"elementor-element elementor-element-415af7a e-flex e-con-boxed e-con e-parent\" data-id=\"415af7a\" data-element_type=\"container\">\n\t\t\t\t\t<div class=\"e-con-inner\">\n\t\t\t\t<div class=\"elementor-element elementor-element-ff749cc elementor-widget elementor-widget-image\" data-id=\"ff749cc\" data-element_type=\"widget\" data-widget_type=\"image.default\">\n\t\t\t\t<div class=\"elementor-widget-container\">\n\t\t\t\t\t\t\t\t\t\t\t\t\t\t\t\t<a href=\"https:\/\/mylesthetique.com\/index.php\/soins-visage-professionnel-femmes-conseils-institut-de-beaute-saint-cezaire-sur-siagne-estheticienne\/\" soins=\"\">\n\t\t\t\t\t\t\t<img fetchpriority=\"high\" decoding=\"async\" width=\"854\" height=\"568\" src=\"https:\/\/mylesthetique.com\/wp-content\/uploads\/2024\/02\/20231018_205551_0003-e1707485362163.png\" class=\"attachment-full size-full wp-image-1175\" alt=\"soins du visage femmes\" srcset=\"https:\/\/mylesthetique.com\/wp-content\/uploads\/2024\/02\/20231018_205551_0003-e1707485362163.png 854w, https:\/\/mylesthetique.com\/wp-content\/uploads\/2024\/02\/20231018_205551_0003-e1707485362163-300x200.png 300w, https:\/\/mylesthetique.com\/wp-content\/uploads\/2024\/02\/20231018_205551_0003-e1707485362163-768x511.png 768w\" sizes=\"(max-width: 854px) 100vw, 854px\" \/>\t\t\t\t\t\t\t\t<\/a>\n\t\t\t\t\t\t\t\t\t\t\t\t\t\t\t<\/div>\n\t\t\t\t<\/div>\n\t\t\t\t<div class=\"elementor-element elementor-element-3531564 elementor-align-center elementor-widget elementor-widget-button\" data-id=\"3531564\" data-element_type=\"widget\" data-widget_type=\"button.default\">\n\t\t\t\t<div class=\"elementor-widget-container\">\n\t\t\t\t\t\t\t\t\t<div class=\"elementor-button-wrapper\">\n\t\t\t\t\t<a class=\"elementor-button elementor-button-link elementor-size-sm\" href=\"https:\/\/mylesthetique.com\/index.php\/soins-visage-professionnel-femmes-conseils-institut-de-beaute-saint-cezaire-sur-siagne-estheticienne\/\" les=\"\">\n\t\t\t\t\t\t<span class=\"elementor-button-content-wrapper\">\n\t\t\t\t\t\t\t\t\t<span class=\"elementor-button-text\">Soins et massages facialistes<\/span>\n\t\t\t\t\t<\/span>\n\t\t\t\t\t<\/a>\n\t\t\t\t<\/div>\n\t\t\t\t\t\t\t\t<\/div>\n\t\t\t\t<\/div>\n\t\t\t\t\t<\/div>\n\t\t\t\t<\/div>\n\t\t<div class=\"elementor-element elementor-element-1a51d1d e-flex e-con-boxed e-con e-parent\" data-id=\"1a51d1d\" data-element_type=\"container\">\n\t\t\t\t\t<div class=\"e-con-inner\">\n\t\t\t\t<div class=\"elementor-element elementor-element-bf09853 elementor-widget elementor-widget-image\" data-id=\"bf09853\" data-element_type=\"widget\" data-widget_type=\"image.default\">\n\t\t\t\t<div class=\"elementor-widget-container\">\n\t\t\t\t\t\t\t\t\t\t\t\t\t\t\t\t<a href=\"https:\/\/mylesthetique.com\/index.php\/massages-visage\/\">\n\t\t\t\t\t\t\t<img decoding=\"async\" width=\"590\" height=\"680\" src=\"https:\/\/mylesthetique.com\/wp-content\/uploads\/2025\/03\/Design-sans-titre-14-e1741946601756.png\" class=\"attachment-full size-full wp-image-1848\" alt=\"minceur drainage lymphatique br\u00e9silien maderotherappie\" srcset=\"https:\/\/mylesthetique.com\/wp-content\/uploads\/2025\/03\/Design-sans-titre-14-e1741946601756.png 590w, https:\/\/mylesthetique.com\/wp-content\/uploads\/2025\/03\/Design-sans-titre-14-e1741946601756-260x300.png 260w\" sizes=\"(max-width: 590px) 100vw, 590px\" \/>\t\t\t\t\t\t\t\t<\/a>\n\t\t\t\t\t\t\t\t\t\t\t\t\t\t\t<\/div>\n\t\t\t\t<\/div>\n\t\t\t\t\t<\/div>\n\t\t\t\t<\/div>\n\t\t<div class=\"elementor-element elementor-element-d556db7 e-flex e-con-boxed e-con e-parent\" data-id=\"d556db7\" data-element_type=\"container\">\n\t\t\t\t\t<div class=\"e-con-inner\">\n\t\t\t\t<div class=\"elementor-element elementor-element-c466613 elementor-align-center elementor-widget elementor-widget-button\" data-id=\"c466613\" data-element_type=\"widget\" data-widget_type=\"button.default\">\n\t\t\t\t<div class=\"elementor-widget-container\">\n\t\t\t\t\t\t\t\t\t<div class=\"elementor-button-wrapper\">\n\t\t\t\t\t<a class=\"elementor-button elementor-button-link elementor-size-sm\" href=\"https:\/\/mylesthetique.com\/index.php\/minceur\/\">\n\t\t\t\t\t\t<span class=\"elementor-button-content-wrapper\">\n\t\t\t\t\t\t\t\t\t<span class=\"elementor-button-text\">La minceur<\/span>\n\t\t\t\t\t<\/span>\n\t\t\t\t\t<\/a>\n\t\t\t\t<\/div>\n\t\t\t\t\t\t\t\t<\/div>\n\t\t\t\t<\/div>\n\t\t\t\t\t<\/div>\n\t\t\t\t<\/div>\n\t\t<div class=\"elementor-element elementor-element-3254677 e-flex e-con-boxed e-con e-parent\" data-id=\"3254677\" data-element_type=\"container\">\n\t\t\t\t\t<div class=\"e-con-inner\">\n\t\t\t\t<div class=\"elementor-element elementor-element-0a6c927 elementor-widget elementor-widget-image\" data-id=\"0a6c927\" data-element_type=\"widget\" data-widget_type=\"image.default\">\n\t\t\t\t<div class=\"elementor-widget-container\">\n\t\t\t\t\t\t\t\t\t\t\t\t\t\t\t\t<a href=\"https:\/\/mylesthetique.com\/index.php\/massages-corps-femme\/\">\n\t\t\t\t\t\t\t<img decoding=\"async\" width=\"856\" height=\"412\" src=\"https:\/\/mylesthetique.com\/wp-content\/uploads\/2024\/02\/20231022_081142_0005-e1707486771896.png\" class=\"attachment-full size-full wp-image-1178\" alt=\"massages du corps soins femmes\" srcset=\"https:\/\/mylesthetique.com\/wp-content\/uploads\/2024\/02\/20231022_081142_0005-e1707486771896.png 856w, https:\/\/mylesthetique.com\/wp-content\/uploads\/2024\/02\/20231022_081142_0005-e1707486771896-300x144.png 300w, https:\/\/mylesthetique.com\/wp-content\/uploads\/2024\/02\/20231022_081142_0005-e1707486771896-768x370.png 768w\" sizes=\"(max-width: 856px) 100vw, 856px\" \/>\t\t\t\t\t\t\t\t<\/a>\n\t\t\t\t\t\t\t\t\t\t\t\t\t\t\t<\/div>\n\t\t\t\t<\/div>\n\t\t\t\t\t<\/div>\n\t\t\t\t<\/div>\n\t\t<div class=\"elementor-element elementor-element-cb122ff e-flex e-con-boxed e-con e-parent\" data-id=\"cb122ff\" data-element_type=\"container\">\n\t\t\t\t\t<div class=\"e-con-inner\">\n\t\t\t\t<div class=\"elementor-element elementor-element-f8bbeb1 elementor-align-center elementor-widget elementor-widget-button\" data-id=\"f8bbeb1\" data-element_type=\"widget\" data-widget_type=\"button.default\">\n\t\t\t\t<div class=\"elementor-widget-container\">\n\t\t\t\t\t\t\t\t\t<div class=\"elementor-button-wrapper\">\n\t\t\t\t\t<a class=\"elementor-button elementor-button-link elementor-size-sm\" href=\"https:\/\/mylesthetique.com\/index.php\/massages-corps-femme\/\">\n\t\t\t\t\t\t<span class=\"elementor-button-content-wrapper\">\n\t\t\t\t\t\t\t\t\t<span class=\"elementor-button-text\">Massages et soin holistique du corps<\/span>\n\t\t\t\t\t<\/span>\n\t\t\t\t\t<\/a>\n\t\t\t\t<\/div>\n\t\t\t\t\t\t\t\t<\/div>\n\t\t\t\t<\/div>\n\t\t\t\t\t<\/div>\n\t\t\t\t<\/div>\n\t\t<div class=\"elementor-element elementor-element-3360956 e-flex e-con-boxed e-con e-parent\" data-id=\"3360956\" data-element_type=\"container\">\n\t\t\t\t\t<div class=\"e-con-inner\">\n\t\t\t\t<div class=\"elementor-element elementor-element-150ef9e elementor-widget elementor-widget-image\" data-id=\"150ef9e\" data-element_type=\"widget\" data-widget_type=\"image.default\">\n\t\t\t\t<div class=\"elementor-widget-container\">\n\t\t\t\t\t\t\t\t\t\t\t\t\t\t\t\t<a href=\"https:\/\/mylesthetique.com\/index.php\/beaute-des-mains-et-des-pieds\/\">\n\t\t\t\t\t\t\t<img loading=\"lazy\" decoding=\"async\" width=\"851\" height=\"592\" src=\"https:\/\/mylesthetique.com\/wp-content\/uploads\/2024\/02\/20231018_121351_0000-e1707487073541.png\" class=\"attachment-full size-full wp-image-1180\" alt=\"manucure mains et pieds pose de vernis\" srcset=\"https:\/\/mylesthetique.com\/wp-content\/uploads\/2024\/02\/20231018_121351_0000-e1707487073541.png 851w, https:\/\/mylesthetique.com\/wp-content\/uploads\/2024\/02\/20231018_121351_0000-e1707487073541-300x209.png 300w, https:\/\/mylesthetique.com\/wp-content\/uploads\/2024\/02\/20231018_121351_0000-e1707487073541-768x534.png 768w\" sizes=\"(max-width: 851px) 100vw, 851px\" \/>\t\t\t\t\t\t\t\t<\/a>\n\t\t\t\t\t\t\t\t\t\t\t\t\t\t\t<\/div>\n\t\t\t\t<\/div>\n\t\t\t\t\t<\/div>\n\t\t\t\t<\/div>\n\t\t<div class=\"elementor-element elementor-element-07bdc6d e-flex e-con-boxed e-con e-parent\" data-id=\"07bdc6d\" data-element_type=\"container\">\n\t\t\t\t\t<div class=\"e-con-inner\">\n\t\t\t\t<div class=\"elementor-element elementor-element-53f4aa9 elementor-align-center elementor-widget elementor-widget-button\" data-id=\"53f4aa9\" data-element_type=\"widget\" data-widget_type=\"button.default\">\n\t\t\t\t<div class=\"elementor-widget-container\">\n\t\t\t\t\t\t\t\t\t<div class=\"elementor-button-wrapper\">\n\t\t\t\t\t<a class=\"elementor-button elementor-button-link elementor-size-sm\" href=\"https:\/\/mylesthetique.com\/index.php\/beaute-des-mains-et-des-pieds\/\">\n\t\t\t\t\t\t<span class=\"elementor-button-content-wrapper\">\n\t\t\t\t\t\t\t\t\t<span class=\"elementor-button-text\">La beaut\u00e9 des mains et des pieds<\/span>\n\t\t\t\t\t<\/span>\n\t\t\t\t\t<\/a>\n\t\t\t\t<\/div>\n\t\t\t\t\t\t\t\t<\/div>\n\t\t\t\t<\/div>\n\t\t\t\t\t<\/div>\n\t\t\t\t<\/div>\n\t\t<div class=\"elementor-element elementor-element-fd21707 e-flex e-con-boxed e-con e-parent\" data-id=\"fd21707\" data-element_type=\"container\">\n\t\t\t\t\t<div class=\"e-con-inner\">\n\t\t\t\t<div class=\"elementor-element elementor-element-6a54739 elementor-widget elementor-widget-image\" data-id=\"6a54739\" data-element_type=\"widget\" data-widget_type=\"image.default\">\n\t\t\t\t<div class=\"elementor-widget-container\">\n\t\t\t\t\t\t\t\t\t\t\t\t\t\t\t\t<a href=\"https:\/\/mylesthetique.com\/index.php\/epilations-a-la-cire-corps-visage-perron-rigot-marque-francaise-estheticienne-domicile-intitut-beaute-saint-cezaire-sur-siagne\/\">\n\t\t\t\t\t\t\t<img loading=\"lazy\" decoding=\"async\" width=\"862\" height=\"576\" src=\"https:\/\/mylesthetique.com\/wp-content\/uploads\/2023\/09\/Beige-Elegant-Moderne-et-Simple-Marque-Beaute-Instagram-Post-7-e1695644753148.png\" class=\"attachment-full size-full wp-image-298\" alt=\"\u00e9pilations corps femmes\" srcset=\"https:\/\/mylesthetique.com\/wp-content\/uploads\/2023\/09\/Beige-Elegant-Moderne-et-Simple-Marque-Beaute-Instagram-Post-7-e1695644753148.png 862w, https:\/\/mylesthetique.com\/wp-content\/uploads\/2023\/09\/Beige-Elegant-Moderne-et-Simple-Marque-Beaute-Instagram-Post-7-e1695644753148-300x200.png 300w, https:\/\/mylesthetique.com\/wp-content\/uploads\/2023\/09\/Beige-Elegant-Moderne-et-Simple-Marque-Beaute-Instagram-Post-7-e1695644753148-768x513.png 768w\" sizes=\"(max-width: 862px) 100vw, 862px\" \/>\t\t\t\t\t\t\t\t<\/a>\n\t\t\t\t\t\t\t\t\t\t\t\t\t\t\t<\/div>\n\t\t\t\t<\/div>\n\t\t\t\t\t<\/div>\n\t\t\t\t<\/div>\n\t\t<div class=\"elementor-element elementor-element-21f60d3 e-flex e-con-boxed e-con e-parent\" data-id=\"21f60d3\" data-element_type=\"container\">\n\t\t\t\t\t<div class=\"e-con-inner\">\n\t\t\t\t<div class=\"elementor-element elementor-element-c1a9bb2 elementor-align-center elementor-widget elementor-widget-button\" data-id=\"c1a9bb2\" data-element_type=\"widget\" data-widget_type=\"button.default\">\n\t\t\t\t<div class=\"elementor-widget-container\">\n\t\t\t\t\t\t\t\t\t<div class=\"elementor-button-wrapper\">\n\t\t\t\t\t<a class=\"elementor-button elementor-button-link elementor-size-sm\" href=\"https:\/\/mylesthetique.com\/index.php\/epilations-a-la-cire-corps-visage-perron-rigot-marque-francaise-estheticienne-domicile-intitut-beaute-saint-cezaire-sur-siagne\/\">\n\t\t\t\t\t\t<span class=\"elementor-button-content-wrapper\">\n\t\t\t\t\t\t\t\t\t<span class=\"elementor-button-text\">Les \u00e9pilations corps et visage<\/span>\n\t\t\t\t\t<\/span>\n\t\t\t\t\t<\/a>\n\t\t\t\t<\/div>\n\t\t\t\t\t\t\t\t<\/div>\n\t\t\t\t<\/div>\n\t\t\t\t\t<\/div>\n\t\t\t\t<\/div>\n\t\t\t\t<\/div>\n\t\t","protected":false},"excerpt":{"rendered":"<p>Tous les soins femmes sont effectu\u00e9s avec des produits naturels, aux senteurs d\u00e9licates et sont fabriqu\u00e9s en France. En tant qu&rsquo;esth\u00e9ticienne, facialiste et masseuse, je propose de nombreux soins\u00a0 pour les femmes. Profitez d&rsquo;une relaxation profonde, que ce soit avec : \u00a0les soins du visage facialistes, d\u00e9tente, peau revitalis\u00e9e, \u00e9clat,&#8230; ou avec les massages du [&hellip;]<\/p>\n","protected":false},"author":1,"featured_media":0,"parent":0,"menu_order":0,"comment_status":"closed","ping_status":"closed","template":"","meta":{"footnotes":""},"class_list":["post-787","page","type-page","status-publish","hentry","entry"],"yoast_head":"<!-- This site is optimized with the Yoast SEO plugin v25.9 - https:\/\/yoast.com\/wordpress\/plugins\/seo\/ -->\n<title>Soins Femmes - WordPress<\/title>\n<meta name=\"description\" content=\"Offrez vous un moment de d\u00e9tente avec les soins femmes, au travers de soin du visage, de massage visage ou du corps, de la manucure ou autres\" \/>\n<meta name=\"robots\" content=\"index, follow, max-snippet:-1, max-image-preview:large, max-video-preview:-1\" \/>\n<link rel=\"canonical\" href=\"https:\/\/mylesthetique.com\/index.php\/soins-femmes\/\" \/>\n<meta property=\"og:locale\" content=\"fr_FR\" \/>\n<meta property=\"og:type\" content=\"article\" \/>\n<meta property=\"og:title\" content=\"Soins Femmes - WordPress\" \/>\n<meta property=\"og:description\" content=\"Offrez vous un moment de d\u00e9tente avec les soins femmes, au travers de soin du visage, de massage visage ou du corps, de la manucure ou autres\" \/>\n<meta property=\"og:url\" content=\"https:\/\/mylesthetique.com\/index.php\/soins-femmes\/\" \/>\n<meta property=\"og:site_name\" content=\"WordPress\" \/>\n<meta property=\"article:modified_time\" content=\"2026-02-05T10:10:55+00:00\" \/>\n<meta property=\"og:image\" content=\"https:\/\/mylesthetique.com\/wp-content\/uploads\/2024\/02\/20231018_205551_0003-e1707485362163.png\" \/>\n<meta name=\"twitter:card\" content=\"summary_large_image\" \/>\n<meta name=\"twitter:label1\" content=\"Dur\u00e9e de lecture estim\u00e9e\" \/>\n\t<meta name=\"twitter:data1\" content=\"2 minutes\" \/>\n<script type=\"application\/ld+json\" class=\"yoast-schema-graph\">{\"@context\":\"https:\/\/schema.org\",\"@graph\":[{\"@type\":\"WebPage\",\"@id\":\"https:\/\/mylesthetique.com\/index.php\/soins-femmes\/\",\"url\":\"https:\/\/mylesthetique.com\/index.php\/soins-femmes\/\",\"name\":\"Soins Femmes - WordPress\",\"isPartOf\":{\"@id\":\"https:\/\/mylesthetique.com\/#website\"},\"primaryImageOfPage\":{\"@id\":\"https:\/\/mylesthetique.com\/index.php\/soins-femmes\/#primaryimage\"},\"image\":{\"@id\":\"https:\/\/mylesthetique.com\/index.php\/soins-femmes\/#primaryimage\"},\"thumbnailUrl\":\"https:\/\/mylesthetique.com\/wp-content\/uploads\/2024\/02\/20231018_205551_0003-e1707485362163.png\",\"datePublished\":\"2024-01-11T14:42:27+00:00\",\"dateModified\":\"2026-02-05T10:10:55+00:00\",\"description\":\"Offrez vous un moment de d\u00e9tente avec les soins femmes, au travers de soin du visage, de massage visage ou du corps, de la manucure ou autres\",\"breadcrumb\":{\"@id\":\"https:\/\/mylesthetique.com\/index.php\/soins-femmes\/#breadcrumb\"},\"inLanguage\":\"fr-FR\",\"potentialAction\":[{\"@type\":\"ReadAction\",\"target\":[\"https:\/\/mylesthetique.com\/index.php\/soins-femmes\/\"]}]},{\"@type\":\"ImageObject\",\"inLanguage\":\"fr-FR\",\"@id\":\"https:\/\/mylesthetique.com\/index.php\/soins-femmes\/#primaryimage\",\"url\":\"https:\/\/mylesthetique.com\/wp-content\/uploads\/2024\/02\/20231018_205551_0003-e1707485362163.png\",\"contentUrl\":\"https:\/\/mylesthetique.com\/wp-content\/uploads\/2024\/02\/20231018_205551_0003-e1707485362163.png\",\"width\":854,\"height\":568,\"caption\":\"soins du visage femmes\"},{\"@type\":\"BreadcrumbList\",\"@id\":\"https:\/\/mylesthetique.com\/index.php\/soins-femmes\/#breadcrumb\",\"itemListElement\":[{\"@type\":\"ListItem\",\"position\":1,\"name\":\"Accueil\",\"item\":\"https:\/\/mylesthetique.com\/\"},{\"@type\":\"ListItem\",\"position\":2,\"name\":\"Soins Femmes\"}]},{\"@type\":\"WebSite\",\"@id\":\"https:\/\/mylesthetique.com\/#website\",\"url\":\"https:\/\/mylesthetique.com\/\",\"name\":\"WordPress\",\"description\":\"Un site utilisant WordPress\",\"publisher\":{\"@id\":\"https:\/\/mylesthetique.com\/#organization\"},\"potentialAction\":[{\"@type\":\"SearchAction\",\"target\":{\"@type\":\"EntryPoint\",\"urlTemplate\":\"https:\/\/mylesthetique.com\/?s={search_term_string}\"},\"query-input\":{\"@type\":\"PropertyValueSpecification\",\"valueRequired\":true,\"valueName\":\"search_term_string\"}}],\"inLanguage\":\"fr-FR\"},{\"@type\":\"Organization\",\"@id\":\"https:\/\/mylesthetique.com\/#organization\",\"name\":\"WordPress\",\"url\":\"https:\/\/mylesthetique.com\/\",\"logo\":{\"@type\":\"ImageObject\",\"inLanguage\":\"fr-FR\",\"@id\":\"https:\/\/mylesthetique.com\/#\/schema\/logo\/image\/\",\"url\":\"https:\/\/mylesthetique.com\/wp-content\/uploads\/2023\/09\/cropped-myl-esthetique.png\",\"contentUrl\":\"https:\/\/mylesthetique.com\/wp-content\/uploads\/2023\/09\/cropped-myl-esthetique.png\",\"width\":1050,\"height\":270,\"caption\":\"WordPress\"},\"image\":{\"@id\":\"https:\/\/mylesthetique.com\/#\/schema\/logo\/image\/\"}}]}<\/script>\n<!-- \/ Yoast SEO plugin. -->","yoast_head_json":{"title":"Soins Femmes - WordPress","description":"Offrez vous un moment de d\u00e9tente avec les soins femmes, au travers de soin du visage, de massage visage ou du corps, de la manucure ou autres","robots":{"index":"index","follow":"follow","max-snippet":"max-snippet:-1","max-image-preview":"max-image-preview:large","max-video-preview":"max-video-preview:-1"},"canonical":"https:\/\/mylesthetique.com\/index.php\/soins-femmes\/","og_locale":"fr_FR","og_type":"article","og_title":"Soins Femmes - WordPress","og_description":"Offrez vous un moment de d\u00e9tente avec les soins femmes, au travers de soin du visage, de massage visage ou du corps, de la manucure ou autres","og_url":"https:\/\/mylesthetique.com\/index.php\/soins-femmes\/","og_site_name":"WordPress","article_modified_time":"2026-02-05T10:10:55+00:00","og_image":[{"url":"https:\/\/mylesthetique.com\/wp-content\/uploads\/2024\/02\/20231018_205551_0003-e1707485362163.png","type":"","width":"","height":""}],"twitter_card":"summary_large_image","twitter_misc":{"Dur\u00e9e de lecture estim\u00e9e":"2 minutes"},"schema":{"@context":"https:\/\/schema.org","@graph":[{"@type":"WebPage","@id":"https:\/\/mylesthetique.com\/index.php\/soins-femmes\/","url":"https:\/\/mylesthetique.com\/index.php\/soins-femmes\/","name":"Soins Femmes - WordPress","isPartOf":{"@id":"https:\/\/mylesthetique.com\/#website"},"primaryImageOfPage":{"@id":"https:\/\/mylesthetique.com\/index.php\/soins-femmes\/#primaryimage"},"image":{"@id":"https:\/\/mylesthetique.com\/index.php\/soins-femmes\/#primaryimage"},"thumbnailUrl":"https:\/\/mylesthetique.com\/wp-content\/uploads\/2024\/02\/20231018_205551_0003-e1707485362163.png","datePublished":"2024-01-11T14:42:27+00:00","dateModified":"2026-02-05T10:10:55+00:00","description":"Offrez vous un moment de d\u00e9tente avec les soins femmes, au travers de soin du visage, de massage visage ou du corps, de la manucure ou autres","breadcrumb":{"@id":"https:\/\/mylesthetique.com\/index.php\/soins-femmes\/#breadcrumb"},"inLanguage":"fr-FR","potentialAction":[{"@type":"ReadAction","target":["https:\/\/mylesthetique.com\/index.php\/soins-femmes\/"]}]},{"@type":"ImageObject","inLanguage":"fr-FR","@id":"https:\/\/mylesthetique.com\/index.php\/soins-femmes\/#primaryimage","url":"https:\/\/mylesthetique.com\/wp-content\/uploads\/2024\/02\/20231018_205551_0003-e1707485362163.png","contentUrl":"https:\/\/mylesthetique.com\/wp-content\/uploads\/2024\/02\/20231018_205551_0003-e1707485362163.png","width":854,"height":568,"caption":"soins du visage femmes"},{"@type":"BreadcrumbList","@id":"https:\/\/mylesthetique.com\/index.php\/soins-femmes\/#breadcrumb","itemListElement":[{"@type":"ListItem","position":1,"name":"Accueil","item":"https:\/\/mylesthetique.com\/"},{"@type":"ListItem","position":2,"name":"Soins Femmes"}]},{"@type":"WebSite","@id":"https:\/\/mylesthetique.com\/#website","url":"https:\/\/mylesthetique.com\/","name":"WordPress","description":"Un site utilisant WordPress","publisher":{"@id":"https:\/\/mylesthetique.com\/#organization"},"potentialAction":[{"@type":"SearchAction","target":{"@type":"EntryPoint","urlTemplate":"https:\/\/mylesthetique.com\/?s={search_term_string}"},"query-input":{"@type":"PropertyValueSpecification","valueRequired":true,"valueName":"search_term_string"}}],"inLanguage":"fr-FR"},{"@type":"Organization","@id":"https:\/\/mylesthetique.com\/#organization","name":"WordPress","url":"https:\/\/mylesthetique.com\/","logo":{"@type":"ImageObject","inLanguage":"fr-FR","@id":"https:\/\/mylesthetique.com\/#\/schema\/logo\/image\/","url":"https:\/\/mylesthetique.com\/wp-content\/uploads\/2023\/09\/cropped-myl-esthetique.png","contentUrl":"https:\/\/mylesthetique.com\/wp-content\/uploads\/2023\/09\/cropped-myl-esthetique.png","width":1050,"height":270,"caption":"WordPress"},"image":{"@id":"https:\/\/mylesthetique.com\/#\/schema\/logo\/image\/"}}]}},"_links":{"self":[{"href":"https:\/\/mylesthetique.com\/index.php\/wp-json\/wp\/v2\/pages\/787","targetHints":{"allow":["GET"]}}],"collection":[{"href":"https:\/\/mylesthetique.com\/index.php\/wp-json\/wp\/v2\/pages"}],"about":[{"href":"https:\/\/mylesthetique.com\/index.php\/wp-json\/wp\/v2\/types\/page"}],"author":[{"embeddable":true,"href":"https:\/\/mylesthetique.com\/index.php\/wp-json\/wp\/v2\/users\/1"}],"replies":[{"embeddable":true,"href":"https:\/\/mylesthetique.com\/index.php\/wp-json\/wp\/v2\/comments?post=787"}],"version-history":[{"count":44,"href":"https:\/\/mylesthetique.com\/index.php\/wp-json\/wp\/v2\/pages\/787\/revisions"}],"predecessor-version":[{"id":2215,"href":"https:\/\/mylesthetique.com\/index.php\/wp-json\/wp\/v2\/pages\/787\/revisions\/2215"}],"wp:attachment":[{"href":"https:\/\/mylesthetique.com\/index.php\/wp-json\/wp\/v2\/media?parent=787"}],"curies":[{"name":"wp","href":"https:\/\/api.w.org\/{rel}","templated":true}]}}